ctor of n and 10?
10
Let w(g) = g**3 + 13*g**2 + 13*g + 14. Let a be w(-12). Calculate the highest common factor of 14 and a.
2
Suppose -2 = 3*y - 4*z - 7, 0 = z + 2. Let c be (-1)/(2 + y) + 25. Let d(g) = -g + 27. Let b be d(11). What is the greatest common factor of c and b?
8
Let x(m) = -m**3 - m**2 - m + 6. Let z(b) = -b + 6. Suppose -k = -0*k - 6. Let w be z(k). Let y be x(w). What is the greatest common factor of y and 9?
3
Let g = -19 + 39. Suppose -6*x + 4*x + g = w, x - 15 = -w. Let s(c) = -c - 3. Let j be s(-5). Calculate the highest common divisor of w and j.
2
Suppose -2*a + 5*x = -16, 5*a + 0*x = 2*x + 40. Let w(n) = n**3 - 9*n**2 + 10*n - 5. Let l be w(a). Calculate the greatest common divisor of l and 77.
11
Let z(p) = 2*p**3 + p**2 + 3*p - 2. Let t be z(2). Calculate the greatest common divisor of t and 3.
3
Suppose h + 4 = 1. Let b(p) = -5*p - 4. Let i be b(h). Let k(f) = -33*f**3. Let a be k(-1). Calculate the highest common factor of a and i.
11
Let x be (-100)/5*(2 + -1*3). What is the highest common divisor of 40 and x?
20
Suppose -a + 8 = 3*a. Suppose -a*h = h. Suppose h = 5*z - 0*z - 30. Calculate the greatest common divisor of z and 9.
3
Suppose 2*y - 14 = 2*d, 2*d + 15 = 3*y + d. Let r = 1 + 3. What is the highest common factor of r and y?
4
Let t(x) = 2*x**2 - x - 1. Let s be t(3). Suppose 4*q + 14 - 6 = 0. Let w be 0 - (q + -1) - -67. What is the greatest common factor of s and w?
14
Let r(k) = 2*k**2 + 10*k + 2. Let g be r(-7). What is the highest common divisor of 75 and g?
15
Let o = 5 - 1. Suppose 1 = o*a - 11. Calculate the greatest common factor of 6 and a.
3
Let w(d) = d**2 + 11*d + 4. Let s be w(-12). Calculate the highest common factor of s and 24.
8
Let w(p) = 2*p**2 + 12*p - 14. Let l be w(-10). Calculate the highest common factor of 44 and l.
22
Let q(m) = m - 3. Let n be q(7). Suppose n*l - 300 = -l. What is the highest common factor of 15 and l?
15
Let w be 2 + -7 + 2 - -39. Suppose 0 = 2*y - 3*y + w. What is the greatest common factor of 4 and y?
4
Let u be 154/4 + (-2)/(8/(-6)). What is the highest common divisor of u and 2?
2
Suppose -4*c + 5 = -19. Suppose c*z - 25 = z. Suppose -z*o - 36 = -2*s, 2*s - o = 7*s - 36. Calculate the greatest common divisor of 72 and s.
8
Let h be (-20)/(-3)*(1 + -7). Let g = h + 106. Calculate the greatest common divisor of g and 6.
6
Suppose -15 + 10 = -5*o. Let n be (-1 - -3)*(-2)/(-2). What is the greatest common factor of o and n?
1
Suppose g + 3*l - 2*l = 0, 0 = -5*g - 4*l. Suppose g = -6*o + 2*o + 92. What is the greatest common divisor of o and 23?
23
Let o(w) = -4*w - 15. Let l be o(-11). What is the greatest common divisor of l and 29?
29
Let z = -3 - -5. Suppose 0 = 3*n + z*n + 3*b - 494, -4*n + 402 = -b. Let f(c) = 21*c - 43. Let u be f(3). Calculate the greatest common divisor of n and u.
20
Suppose 0 = 2*f - 39 - 51. Calculate the greatest common divisor of 5 and f.
5
Let i = 16 + -7. Let d be ((-52)/6)/((-6)/i). Calculate the highest common divisor of 26 and d.
13
Suppose -3*r = -6*r + 24. Calculate the highest common factor of 40 and r.
8
Suppose 5*w - 2*d = 10, -3*d - 15 = -0. Suppose 6 + w = 2*f. Suppose -f = -m + 4. Calculate the highest common divisor of 1 and m.
1
Let b(g) = -g**2 + 6*g + 3. Let i be b(6). Suppose -z - 2*c + 5 = 0, 2*z - 17 = -i*z - 2*c. Calculate the greatest common factor of z and 9.
3
Let m = -10 - -16. Let v be m/(-4)*(-14)/3. Calculate the highest common factor of 7 and v.
7
Suppose x + 4*x = 75. Let s(f) = -5*f**2 - 3*f + 0*f**2 - f**3 - 5 + 0*f**3. Let r be s(-5). Calculate the highest common factor of r and x.
5
Let h = 14 - 7. Suppose 0 = 4*u + j - 9, -18 = -4*u - 3*j - h. Suppose 0 = -2*b - 3*d + 13, 3*b + 2 = 4*d + 13. Calculate the greatest common factor of u and b.
1
Suppose -3*s = s - 32. Suppose -u + 5*u = s. What is the highest common divisor of u and 16?
2
Let h be 3042/63 - 4/14. What is the greatest common divisor of 6 and h?
6
Let v(s) = -s**3 + 17*s**2 - 13*s - 8. Let x be v(16). Calculate the highest common factor of x and 20.
20
Let k be (-2)/8 + 644/16. Calculate the highest common divisor of 10 and k.
10
Let o be 2*(-34)/(-4)*1. Let s be 3 + (151 - (0 + 1)). What is the highest common factor of o and s?
17
Suppose -125 + 17 = -3*n. Suppose 0 = -5*v - 1 - 4. Let t(p) = -12*p. Let q be t(v). What is the greatest common divisor of n and q?
12
Let p(z) = -z. Let a be p(0). Let f be (-7 - a)*(-2)/2. What is the highest common divisor of f and 63?
7
Suppose 0 = 2*p - 6*p + 68. Let f(g) = 6*g**2 + 12*g + 9. Let n be f(-6). What is the highest common divisor of p and n?
17
Suppose -2*l + 3*h = -78, 19 + 64 = 3*l + 4*h. Calculate the highest common divisor of l and 44.
11
Suppose -a - 45 = -6*a. Calculate the greatest common factor of a and 45.
9
Let t = -25 - -37. What is the greatest common factor of t and 108?
12
Let k be (-3 - 0 - 5)*(-6)/8. Suppose 0 = -3*b + d + 52, 4*b + 5*d - 76 = 3*d. Calculate the greatest common factor of k and b.
6
Let k(a) = -a**2 - 6*a + 2. Let j be k(-6). Suppose j*d + 2 - 8 = 0. Let b be 5*(-2 + (d - 0)). What is the highest common divisor of 5 and b?
5
Suppose -q - 21 = -0*q - 4*z, z - 10 = 5*q. Let r be 20/q*(-22)/8. Calculate the greatest common divisor of r and 11.
11
Let l = 1 + 10. Calculate the highest common factor of l and 77.
11
Suppose 0 = -4*p + 22 + 86. Suppose 2*f - 44 = x + x, -4*x = 2*f - 20. What is the highest common factor of f and p?
9
Let p(n) = -4*n - 1. Let s be p(-1). Let r be (84/(-8))/(1/(-2)). Calculate the greatest common factor of r and s.
3
Suppose j = 1 - 4. Let q(o) = -6*o - 2. Let a be q(j). Let p be (24/16)/((-3)/(-160)). What is the greatest common factor of a and p?
16
Let y(j) = 10*j**2 + 3*j**3 - 11*j**2 + 2 - 2*j**3 + j**3. Let h be y(2). Calculate the highest common factor of 42 and h.
14
Let h be -2 + -21*3/(-9). What is the greatest common divisor of h and 15?
5
Suppose 25 = t - 5*x, -t + x + 3*x + 21 = 0. What is the highest common factor of 40 and t?
5
Let y be 2/(-6) - 6/(-18). Suppose y = -5*g + 47 - 17. Suppose 5*u + 42 = 3*k + k, k - g = -u. What is the highest common divisor of 8 and k?
8
Let o(m) = m**2. Let s be o(2). Let j = s + -4. Suppose j*h = -h + 6. Calculate the greatest common factor of 15 and h.
3
Suppose -5 = -4*p + 3. Suppose 3*u - 22 = 11*d - 16*d, 5*u + 5*d = 30. What is the highest common factor of p and u?
2
Let x(o) = 16*o**3 - 3*o**2 + 1. Let n be x(2). Let j(s) = -s**3 - 8*s**2 + 7*s - 5. Let l be j(-9). Calculate the greatest common factor of l and n.
13
Let h(r) = -4*r**2 - 2*r. Let f(w) = -5*w**2 - w + 1. Let g(n) = -3*f(n) + 4*h(n). Let b be g(-3). Calculate the highest common divisor of b and 9.
3
Let g(o) = o**2 + 11*o + 11. Let v be g(-11). Calculate the highest common divisor of v and 44.
11
Let z be 120*(-2)/(-3) + 0 + 0. Calculate the highest common factor of 10 and z.
10
Suppose -a = -23 - 2. What is the highest common factor of a and 10?
5
Suppose -4 = -5*y + 4*y. Calculate the greatest common divisor of 16 and y.
4
Let v(n) = n**3 + 9*n**2 + 2*n - 6. Let k be v(-9). Let w = k - -35. What is the highest common divisor of 22 and w?
11
Suppose -5*p = 3*g - 93, 4*g - 27 = -5*p + 67. Suppose m = -2*x + p, m - 2*m = x - 17. What is the highest common factor of 2 and m?
2
Let m(l) = -2*l + 1. Let x be m(-2). Let n = 9 + x. Calculate the highest common factor of 2 and n.
2
Let i be -1 + -2 + 10 - 3. What is the greatest common divisor of i and 4?
4
Let q be ((-3828)/(-10))/3 - (-12)/30. What is the greatest common divisor of 32 and q?
32
Suppose 0 = 5*n - 0*n - 5*w, n - 5*w = -8. Suppose r + q = 60, -r + n*r - 80 = 3*q. Calculate the highest common divisor of 13 and r.
13
Let f(d) = d**2 - 8*d + 12. Let b be f(8). Let m = 17 - b. Suppose -2*k + 0 = -3*w - 12, m*k + 2*w = 49. Calculate the greatest common factor of 54 and k.
9
Let q = 156 + -90. Let j be q/3 + -1 + 0. Suppose 4*f + 3 = 15. Calculate the highest common factor of j and f.
3
Suppose 8*j - 3 = 21. What is the highest common divisor of 27 and j?
3
Let t(r) = r**3 - 7*r**2 + 5*r + 8. Let z be t(6). Let w(g) = 2*g**2 - 4*g + 3. Let k be w(z). What is the greatest common divisor of k and 21?
3
Suppose 5*g + 5*o = 35, -3*g + 10 + 7 = 5*o. What is the 